 + 7. Suppose 4*m + 0*o = -5*o - 13, -1 = 2*m - 3*o. Let s be ((-28)/m)/(2 - 4). What is the remainder when c(s) is divided by 15?
11
Let t be ((-12)/(-2))/(0 + -1). Let y(i) = -i**3 - 7*i**2 - 9*i - 2. Let g(n) = 93*n**2 - 2666*n + 2665. Calculate the remainder when g(1) is divided by y(t).
12
Let o(z) be the third derivative of z**5/15 + 3*z**4/8 - 5*z**3/6 - 11*z**2. Calculate the remainder when 75 is divided by o(-4).
6
Let k(z) = z**3 - 31*z**2 + 71*z - 229. What is the remainder when 274 is divided by k(29)?
126
Suppose -24*d + 102 = -186. What is the remainder when 96 is divided by (-18)/3*(-100)/d?
46
Suppose -2*c - 6 = -2*y, 4*c - 5*y + 6 + 5 = 0. Calculate the remainder when (-28780)/(-220) - (c/22 + 0) is divided by 4 + 85/(-20) + (-77)/(-4).
17
Let s be (3 - 2) + -2 - (9 - 15). Let i(t) = 41*t - 103. Calculate the remainder when i(s) is divided by 15.
12
Suppose r - 653 = 3*q + 153, 4*q = 5*r - 1093. Let c = q + 296. Calculate the remainder when 45 is divided by c.
16
Suppose -4*v + 12 = -4. Suppose w = 5*w - v. Suppose 2*q - 3*d = 36, 57 = 5*q + d + w. What is the remainder when q is divided by 7?
5
Let l(p) = 2*p + 32. Let r be l(-16). Suppose -4*k + j - 5*j + 44 = r, -2*k + 5*j = -15. Calculate the remainder when 25 is divided by k.
5
Let r = -141 + 149. Suppose -2*x = 229 - 61. Let b = 123 + x. Calculate the remainder when b is divided by r.
7
Calculate the remainder when 1945 is divided by ((-5)/2)/1*2 + (-913)/(-11).
73
Suppose 0*a + a - 1857 = -3*j, -5*j - 6*a + 3069 = 0. Calculate the remainder when j is divided by 68.
9
Suppose 0 = b + 5*z - 2, 3*z = 4*b + 2*z + 13. Calculate the remainder when 112 is divided by -5 + 0/b + (56 - 9).
28
Let w(a) = -a**2 - 9*a + 17. Let g be w(-8). Suppose 3*x = -40 + g. What is the remainder when x/(-3)*(10 - 1) is divided by 6?
3
Suppose -4*g + 10296 = -16*g. What is the remainder when g/(-65) + (-8)/(-10) is divided by 5?
4
Suppose -86 - 131 = -7*z. Suppose 3*f - 58 = -z. Suppose 13*h - f*h - 28 = 0. What is the remainder when 24 is divided by h?
3
Suppose i - 3 = -4*h, -3*i + 27 = h + 2*h. Let x = -84 + 83. Let w(l) = 5*l**2 - 3*l - 4. What is the remainder when i is divided by w(x)?
3
Let o(h) = 104*h - 276. What is the remainder when o(8) is divided by 487?
69
Let d(p) = 5*p + 15. Let y be d(-3). Let t(b) = 2*b - b + 0*b + y*b - 7 + b**2. Calculate the remainder when 63 is divided by t(4).
11
Let j = 903 - 903. Suppose j = -2*f - 4*m + 166, -3*f = 4*m - 165 - 90. Calculate the remainder when f is divided by 10.
9
Calculate the remainder when 219 is divided by (8/1 - (-3420)/120)*6.
0
Suppose 3*n - 336 = -n. Let b(j) = -8306*j + 124610. What is the remainder when n is divided by b(15)?
4
Calculate the remainder when (-72)/9 - (-3 + 1)*129 is divided by 12.
10
Let c = 450 - 445. Suppose -k + 110 = c*w, -8*w = -7*w + 5*k - 46. What is the remainder when 51 is divided by w?
9
Let t = -202 - -204. Suppose t*x + p + p = 68, -50 = -x - 5*p. What is the remainder when x is divided by 16?
14
Suppose -242 + 62 = -10*i. What is the remainder when 176 is divided by (i/5)/((-9)/(-675)*6)?
41
Suppose w - 3*r = 15, 47 = w + 3*r + 2*r. Suppose -5356 = z - 53*z. Calculate the remainder when z is divided by w.
22
Suppose 0 = 87*o + 49*o + 52 - 4540. What is the remainder when 169 is divided by o?
4
Let t = 0 + 34. Let j be 3 - -2 - -15 - 4. Suppose -2*d = j - 214. Calculate the remainder when d is divided by t.
31
Suppose 116 = 19*w + 21. Let a(z) = -5*z - 51. What is the remainder when a(-14) is divided by w?
4
Calculate the remainder when 1375 is divided by 9*(260/546)/(1/14).
55
Let d(c) = -236*c - 1243. What is the remainder when d(-11) is divided by 16?
9
Let w be (8 - 875/21)/(1/(-6)). Suppose -w = 57*j - 59*j. Calculate the remainder when j is divided by 27.
20
Let o be ((-1)/2)/((-4)/664). Suppose 0 = -3*k + s + o, 2*k - s - 48 = 6. Let j(m) = -16*m + 40. Calculate the remainder when k is divided by j(2).
5
Let m = 774 + -693. What is the remainder when m is divided by 33?
15
Let x(j) = j**3 - 13*j + 9. Let k be x(3). Suppose -4*b - b + 172 = 2*h, -2*h + 154 = -4*b. Calculate the remainder when h is divided by (38 - k)/(4/4).
40
Suppose -2*x + 85 = 3*r, -142 = -3*r - 5*x - 42. Suppose -4 - 233 - 3339 = -12*h. Calculate the remainder when h is divided by r.
23
Let f = 7742 + -7676. Calculate the remainder when 125 is divided by f.
59
Let t(v) = -v**3 - 23*v**2 - 21*v - 19. Let b(i) = i**2 + 1. Let f(n) = 3*b(n) + t(n). What is the remainder when 41 is divided by f(-19)?
19
Let g(w) = w**3 - 16*w**2 + 13*w + 21. Let j be g(15). What is the remainder when 88 is divided by (-18)/(-9)*j*(-1)/3?
4
Let w(m) = -12*m - 30. Let h be w(-4). Calculate the remainder when 144 is divided by 3/h + (-1989)/(-54).
33
Let j = -2416 + 3310. Calculate the remainder when j is divided by 429.
36
Calculate the remainder when 531 is divided by ((-1)/(-16))/(32/138752).
260
Let b = -9267 + 10778. Calculate the remainder when 1525 is divided by b.
14
Suppose -2*d = -2*l + 1144, 0 = 105*l - 106*l + 5*d + 544. Calculate the remainder when l is divided by 54.
39
Let a(z) = -z + 44. Let w(v) = -4*v. Let p(f) = -a(f) - 6*w(f). Calculate the remainder when p(4) is divided by 10.
6
Let j be (29/116)/(1/4). Calculate the remainder when (-666)/(-12) - j/(-2 + 0) is divided by 23.
10
Let j be (0 + (-45)/12)/(1/8). Let y = j - -50. Suppose 5*d = g + 45, 5*d + g + y = 75. Calculate the remainder when 35 is divided by d.
5
Let r(n) = n + 38. Let d be r(5). Suppose -5*c = -12 - d. Suppose 9*v = 3*s + 4*v - 34, 14 = -2*s - 4*v. Calculate the remainder when c is divided by s.
2
Suppose 3788 = q + 3732. What is the remainder when 403 is divided by q?
11
Calculate the remainder when 309 is divided by ((-8)/(-10))/((-26)/(-390)).
9
Let n = 246 - 132. Suppose 3*r = -5*w - 10 + 71, n = 5*r - 4*w. Suppose -5*q + 14 + 26 = 0. Calculate the remainder when r is divided by q.
6
Let h = -45 + 52. Let v = -1 + h. Suppose -9*t + 9 = -v*t. What is the remainder when 13 is divided by t?
1
Let k(o) = -25*o + 137. Let q be k(-9). Let l = q - 354. What is the remainder when 213 is divided by l?
5
Suppose -t + 75 + 91 = -229. What is the remainder when t is divided by 100?
95
Suppose -s + 240 + 219 = 0. Let f = 365 - 288. Calculate the remainder when s is divided by f.
74
Suppose 0 = -5*m - 2*z + 1130 - 231, 3*m - 547 = -5*z. Let h = m - 174. What is the remainder when 97 is divided by h?
2
Let n be (4515/86)/(1*(-2)/12). What is the remainder when (140/21)/((-14)/n) is divided by 35?
10
Suppose 5*a - 18910 = -5*l, -32*a + l - 11340 = -35*a. Calculate the remainder when a is divided by 14.
13
Let n = 243 + -91. Suppose -160*v + 376 = -n*v. What is the remainder when v is divided by 4?
3
Suppose 0 = 37*o + o - 76. Suppose 4*t + 12 = -3*m + 99, o*t - 27 = -m. Calculate the remainder when 94 is divided by m.
28
Let f(m) = -6*m**3 - 5*m**3 - 21*m + 9*m**3 - 10 + 82 + 47*m**2. Calculate the remainder when f(23) is divided by 16 + 1*(-1 + 0).
13
Suppose 4*o + 3*z - z - 448 = 0, 5*z = -5*o + 560. Let h = 177 - o. What is the remainder when h is divided by 35?
30
Suppose -k + 539 = 203. Let n = k + -317. What is the remainder when 71 is divided by n?
14
Let v(u) = u**2 - u + 1. Let m be v(0). Calculate the remainder when 131 + 11 + (m - -4) is divided by 25.
22
Let l(z) = 2*z + 42. Let i be l(-20). Suppose 3*h - 53 = -5*x, 2*h + i*h = -3*x + 56. What is the remainder when ((-40)/(-1))/(4/4) is divided by h?
7
Let k(y) = y**3 - 8*y**2 + 15*y. Let d be k(4). Suppose 21 = -2*o + 3*o. What is the remainder when 492/8 + 2/d is divided by o?
19
Suppose 298*a + 35*a - 2589593 = 17464. What is the remainder when a is divided by 30?
29
Let y(g) = -31*g + 4. Suppose -3 = -u - 2*l, 5*l + 137 = 97. Calculate the remainder when y(-4) is divided by u.
14
Let m be (-2*(-15)/10)/1 + 2. Suppose a - m = 41. Calculate the remainder when 103 is divided by a.
11
Suppose -6*c + 124 + 26 = 0. Suppose 0 = -n - 4*y + c, 0*y - 171 = -5*n + 3*y. What is the remainder when 247 is divided by n?
16
Let w(u) = 5*u - 28. Let x be w(5). Let l be (-4 + x)/(((-2)/(-98))/(-1)). Suppose -8*v - l = -15*v. Calculate the remainder when v is divided by 4.
1
Let l(u) = 90*u + 199. What is the remaind